{"id":41,"date":"2025-09-24T06:30:56","date_gmt":"2025-09-24T05:30:56","guid":{"rendered":"https:\/\/prome.ddns.net\/?page_id=41"},"modified":"2026-02-16T08:07:51","modified_gmt":"2026-02-16T07:07:51","slug":"information","status":"publish","type":"page","link":"https:\/\/www.lanreal.se\/?page_id=41","title":{"rendered":"Information"},"content":{"rendered":"<section id=\"h.64658c26802bff9a_90\" class=\"yaqOZd\">\n<div class=\"mYVXT\">\n<div class=\"LS81yb VICjCf j5pSsc db35Fc\" tabindex=\"-1\">\n<div class=\"hJDwNd-AhqUyc-uQSCkd Ft7HRd-AhqUyc-uQSCkd purZT-AhqUyc-II5mzb ZcASvf-AhqUyc-II5mzb pSzOP-AhqUyc-qWD73c Ktthjf-AhqUyc-qWD73c JNdkSc SQVYQc\">\n<div class=\"JNdkSc-SmKAyb LkDMRd\">\n<div class=\"\">\n<div class=\"oKdM2c ZZyype Kzv0Me\">\n<div id=\"h.64658c26802bff9a_87\" class=\"hJDwNd-AhqUyc-uQSCkd Ft7HRd-AhqUyc-uQSCkd jXK9ad D2fZ2 zu5uec OjCsFc dmUFtb wHaque g5GTcb\">\n<div class=\"jXK9ad-SmKAyb\">\n<div class=\"tyJCtd mGzaTb Depvyb baZpAe\">\n<p class=\"zfr3Q CDt4Ke \" dir=\"ltr\"><span class=\"C9DxTc \">Ett LAN-party \u00e4r ett evenemang d\u00e4r deltagare tar med sig sina datorer till en gemensam plats f\u00f6r att spela datorspel tillsammans. Deltagarna kopplar ihop sina datorer via ett lokalt n\u00e4tverk (LAN) f\u00f6r att spela, umg\u00e5s och t\u00e4vla i olika spel under en eller flera dagar. F\u00f6rutom datorspel kommer det ocks\u00e5 erbjudas andra aktiviteter s\u00e5som pingisturnering, filmvisning i medialabbet, Lego, Yatzy, kortspel, Uno, schack med mera.\u00a0<\/span><\/p>\n<hr \/>\n<\/div>\n<\/div>\n<\/div>\n<\/div>\n<\/div>\n<\/div>\n<\/div>\n<\/div>\n<\/div>\n<\/section>\n<section id=\"h.64658c26802bff9a_102\" class=\"yaqOZd\">\n<div class=\"IFuOkc\"><strong>N\u00e4r?<\/strong><\/div>\n<div class=\"mYVXT\">\n<div class=\"LS81yb VICjCf j5pSsc db35Fc\" tabindex=\"-1\">\n<div class=\"hJDwNd-AhqUyc-uQSCkd Ft7HRd-AhqUyc-uQSCkd purZT-AhqUyc-II5mzb ZcASvf-AhqUyc-II5mzb pSzOP-AhqUyc-qWD73c Ktthjf-AhqUyc-qWD73c JNdkSc SQVYQc\">\n<div class=\"JNdkSc-SmKAyb LkDMRd\">\n<div class=\"\">\n<div class=\"oKdM2c ZZyype Kzv0Me\">\n<div id=\"h.64658c26802bff9a_99\" class=\"hJDwNd-AhqUyc-uQSCkd Ft7HRd-AhqUyc-uQSCkd jXK9ad D2fZ2 zu5uec OjCsFc dmUFtb wHaque g5GTcb\">\n<div class=\"jXK9ad-SmKAyb\">\n<div class=\"tyJCtd mGzaTb Depvyb baZpAe\">\n<p class=\"zfr3Q CDt4Ke \" dir=\"ltr\"><span class=\"C9DxTc \">Fredagen den 22 februari, 15:00 \u2013 s\u00f6ndagen den 22 februari 15:00.<\/span><\/p>\n<hr \/>\n<div id=\"h.yil0i9p1j0hx\" class=\"CobnVe yMxPgf aP9Z7e\"><\/div>\n<div class=\"CjVfdc\">\n<div class=\"PPhIP rviiZ\"><strong>Var?<\/strong><\/div>\n<\/div>\n<p class=\"zfr3Q CDt4Ke \" dir=\"ltr\"><span class=\"C9DxTc \">Nygatan 30, plan 2.\u00a0<\/span><\/p>\n<\/div>\n<\/div>\n<\/div>\n<\/div>\n<\/div>\n<\/div>\n<\/div>\n<\/div>\n<\/div>\n<\/section>\n<section id=\"h.64658c26802bff9a_122\" class=\"yaqOZd\">\n<div class=\"mYVXT\">\n<div class=\"LS81yb VICjCf j5pSsc db35Fc\" tabindex=\"-1\">\n<div class=\"hJDwNd-AhqUyc-qWD73c Ft7HRd-AhqUyc-qWD73c purZT-AhqUyc-II5mzb ZcASvf-AhqUyc-II5mzb pSzOP-AhqUyc-qWD73c Ktthjf-AhqUyc-qWD73c JNdkSc SQVYQc\">\n<div class=\"JNdkSc-SmKAyb LkDMRd\">\n<div class=\"\">\n<div class=\"oKdM2c ZZyype Kzv0Me\">\n<div id=\"h.64658c26802bff9a_119\" class=\"hJDwNd-AhqUyc-qWD73c Ft7HRd-AhqUyc-qWD73c jXK9ad D2fZ2 zu5uec OjCsFc dmUFtb wHaque g5GTcb\">\n<div class=\"jXK9ad-SmKAyb\">\n<div class=\"tyJCtd OWlOyc baZpAe\">\n<div>\n<div class=\"WIdY2d M1aSXe\"><iframe class=\"YMEQtf\" src=\"https:\/\/maps-api-ssl.google.com\/maps?hl=en-US&amp;ll=60.676268,17.146709&amp;output=embed&amp;q=Nygatan+30,+803+11+G%C3%A4vle,+Sweden+(Nygatan+30)&amp;z=16\" frameborder=\"0\" sandbox=\"allow-scripts allow-popups allow-forms allow-same-origin allow-popups-to-escape-sandbox allow-downloads allow-modals allow-storage-access-by-user-activation\" allowfullscreen=\"allowfullscreen\" aria-label=\"Map, Nygatan 30\" data-mce-fragment=\"1\"><\/iframe><\/div>\n<\/div>\n<\/div>\n<\/div>\n<\/div>\n<\/div>\n<\/div>\n<\/div>\n<\/div>\n<div class=\"hJDwNd-AhqUyc-ibL1re Ft7HRd-AhqUyc-ibL1re JNdkSc SQVYQc L6cTce-purZT L6cTce-pSzOP\">\n<div class=\"JNdkSc-SmKAyb LkDMRd\">\n<div class=\"\">\n<hr \/>\n<\/div>\n<\/div>\n<\/div>\n<\/div>\n<\/div>\n<\/section>\n<section id=\"h.64658c26802bff9a_118\" class=\"yaqOZd\">\n<div class=\"mYVXT\">\n<div class=\"LS81yb VICjCf j5pSsc db35Fc\" tabindex=\"-1\">\n<div class=\"hJDwNd-AhqUyc-uQSCkd Ft7HRd-AhqUyc-uQSCkd purZT-AhqUyc-II5mzb ZcASvf-AhqUyc-II5mzb pSzOP-AhqUyc-qWD73c Ktthjf-AhqUyc-qWD73c JNdkSc SQVYQc\">\n<div class=\"JNdkSc-SmKAyb LkDMRd\">\n<div class=\"\">\n<div class=\"oKdM2c ZZyype Kzv0Me\">\n<div id=\"h.64658c26802bff9a_115\" class=\"hJDwNd-AhqUyc-uQSCkd Ft7HRd-AhqUyc-uQSCkd jXK9ad D2fZ2 zu5uec OjCsFc dmUFtb wHaque g5GTcb\">\n<div class=\"jXK9ad-SmKAyb\">\n<div class=\"tyJCtd mGzaTb Depvyb baZpAe\">\n<div class=\"CjVfdc\"><strong><span class=\"C9DxTc \">Hur?<\/span><\/strong><\/div>\n<p class=\"zfr3Q CDt4Ke \" dir=\"ltr\"><span class=\"C9DxTc \">Anm\u00e4lan f\u00f6r elever p\u00e5 Realgymnasiet G\u00e4vle sker\u00a0<\/span><a class=\"XqQF9c\" href=\"https:\/\/www.lanreal.se\/?page_id=53\"><span class=\"C9DxTc aw5Odc \">h\u00e4r<\/span><\/a><span class=\"C9DxTc \">. Observera att anm\u00e4lan skall ske\u00a0<\/span><span class=\"C9DxTc \">senast<\/span><span class=\"C9DxTc \"> 13<\/span><span class=\"C9DxTc \">\u00a0<\/span><span class=\"C9DxTc \">februari o<\/span><span class=\"C9DxTc \">ch \u00e4r bindande. Vi har ett begr\u00e4nsat antal platser och det \u00e4r f\u00f6rst till kvarn som g\u00e4ller!<\/span><a class=\"XqQF9c\" href=\"https:\/\/larandeab-my.sharepoint.com\/:w:\/g\/personal\/andreas_hagstrom_realgymnasiet_se\/EXw9cku3gXtAlwGX15QT9REBz3wwQEWRGufdM2RXfTD-ZQ?e=A0waJE\" target=\"_blank\" rel=\"noopener\"><span class=\"C9DxTc \">\u00a0<\/span><\/a><span class=\"C9DxTc \">Minst 10 deltagare f\u00f6r att vi skall k\u00f6ra.<\/span><\/p>\n<hr \/>\n<\/div>\n<\/div>\n<\/div>\n<\/div>\n<\/div>\n<\/div>\n<\/div>\n<\/div>\n<\/div>\n<\/section>\n<section id=\"h.64658c26802bff9a_126\" class=\"yaqOZd\">\n<div class=\"IFuOkc\"><strong>Kostnad?<\/strong><\/div>\n<div class=\"mYVXT\">\n<div class=\"LS81yb VICjCf j5pSsc db35Fc\" tabindex=\"-1\">\n<div class=\"hJDwNd-AhqUyc-uQSCkd Ft7HRd-AhqUyc-uQSCkd purZT-AhqUyc-II5mzb ZcASvf-AhqUyc-II5mzb pSzOP-AhqUyc-qWD73c Ktthjf-AhqUyc-qWD73c JNdkSc SQVYQc\">\n<div class=\"JNdkSc-SmKAyb LkDMRd\">\n<div class=\"\">\n<div class=\"oKdM2c ZZyype Kzv0Me\">\n<div id=\"h.64658c26802bff9a_123\" class=\"hJDwNd-AhqUyc-uQSCkd Ft7HRd-AhqUyc-uQSCkd jXK9ad D2fZ2 zu5uec OjCsFc dmUFtb wHaque g5GTcb\">\n<div class=\"jXK9ad-SmKAyb\">\n<div class=\"tyJCtd mGzaTb Depvyb baZpAe\">\n<p class=\"zfr3Q CDt4Ke \" dir=\"ltr\"><span class=\"C9DxTc \">LAN Real VT26 kommer att vara kostnadsfritt.<\/span><\/p>\n<\/div>\n<\/div>\n<\/div>\n<\/div>\n<\/div>\n<\/div>\n<\/div>\n<\/div>\n<\/div>\n<\/section>\n<section id=\"h.64658c26802bff9a_134\" class=\"yaqOZd\">\n<div class=\"IFuOkc\">\n<hr \/>\n<p><strong>Vuxna p\u00e5 plats<\/strong><\/p>\n<\/div>\n<div class=\"mYVXT\">\n<div class=\"LS81yb VICjCf j5pSsc db35Fc\" tabindex=\"-1\">\n<div class=\"hJDwNd-AhqUyc-uQSCkd Ft7HRd-AhqUyc-uQSCkd purZT-AhqUyc-II5mzb ZcASvf-AhqUyc-II5mzb pSzOP-AhqUyc-qWD73c Ktthjf-AhqUyc-qWD73c JNdkSc SQVYQc\">\n<div class=\"JNdkSc-SmKAyb LkDMRd\">\n<div class=\"\">\n<div class=\"oKdM2c ZZyype Kzv0Me\">\n<div id=\"h.64658c26802bff9a_131\" class=\"hJDwNd-AhqUyc-uQSCkd Ft7HRd-AhqUyc-uQSCkd jXK9ad D2fZ2 zu5uec OjCsFc dmUFtb wHaque g5GTcb\">\n<div class=\"jXK9ad-SmKAyb\">\n<div class=\"tyJCtd mGzaTb Depvyb baZpAe\">\n<p class=\"zfr3Q CDt4Ke \" dir=\"ltr\"><span class=\"C9DxTc \">Vi har ett roterande schema som inneb\u00e4r att <\/span><span class=\"C9DxTc \">minst<\/span><span class=\"C9DxTc \">\u00a0<\/span><span class=\"C9DxTc \">tv\u00e5<\/span><span class=\"C9DxTc \">\u00a0vuxna \u00e4r n\u00e4rvarande hela tiden<\/span><span class=\"C9DxTc \">.<\/span><\/p>\n<\/div>\n<\/div>\n<\/div>\n<\/div>\n<\/div>\n<\/div>\n<\/div>\n<\/div>\n<\/div>\n<\/section>\n<section id=\"h.64658c26802bff9a_142\" class=\"yaqOZd\">\n<div class=\"IFuOkc\">\n<hr \/>\n<p><strong>Kan jag sova n\u00e5gonstans?<\/strong><\/p>\n<\/div>\n<div class=\"mYVXT\">\n<div class=\"LS81yb VICjCf j5pSsc db35Fc\" tabindex=\"-1\">\n<div class=\"hJDwNd-AhqUyc-uQSCkd Ft7HRd-AhqUyc-uQSCkd purZT-AhqUyc-II5mzb ZcASvf-AhqUyc-II5mzb pSzOP-AhqUyc-qWD73c Ktthjf-AhqUyc-qWD73c JNdkSc SQVYQc\">\n<div class=\"JNdkSc-SmKAyb LkDMRd\">\n<div class=\"\">\n<div class=\"oKdM2c ZZyype Kzv0Me\">\n<div id=\"h.64658c26802bff9a_139\" class=\"hJDwNd-AhqUyc-uQSCkd Ft7HRd-AhqUyc-uQSCkd jXK9ad D2fZ2 zu5uec OjCsFc dmUFtb wHaque g5GTcb\">\n<div class=\"jXK9ad-SmKAyb\">\n<div class=\"tyJCtd mGzaTb Depvyb baZpAe\">\n<p class=\"zfr3Q CDt4Ke \" dir=\"ltr\"><span class=\"C9DxTc \">Ja, vi kommer att st\u00e4lla ordning ett klassrum som skall fungera som en sovsal. I och kring anslutning till detta klassrum skall det vara tyst under hela evenemanget. Klassrummet kommer att t\u00f6mmas s\u00e5 det finns plats. Vi rekommenderar att du tar med dig liggunderlag (upp<\/span><span class=\"C9DxTc \">l\u00e5sbar<\/span><span class=\"C9DxTc \">\u00a0s\u00e4ng eller t\u00e4lts\u00e4ng g<\/span><span class=\"C9DxTc \">\u00e5r ocks\u00e5 bra)<\/span><span class=\"C9DxTc \"> och sovs\u00e4ck. T\u00e4nk p\u00e5 att det <\/span><span class=\"C9DxTc \">fort blir kallt att sova p\u00e5 golvet!<\/span><\/p>\n<\/div>\n<\/div>\n<\/div>\n<\/div>\n<\/div>\n<\/div>\n<\/div>\n<\/div>\n<\/div>\n<\/section>\n<section id=\"h.64658c26802bff9a_150\" class=\"yaqOZd\">\n<div class=\"IFuOkc\"><\/div>\n<div class=\"mYVXT\">\n<div class=\"LS81yb VICjCf j5pSsc db35Fc\" tabindex=\"-1\">\n<div class=\"hJDwNd-AhqUyc-uQSCkd Ft7HRd-AhqUyc-uQSCkd purZT-AhqUyc-II5mzb ZcASvf-AhqUyc-II5mzb pSzOP-AhqUyc-qWD73c Ktthjf-AhqUyc-qWD73c JNdkSc SQVYQc\">\n<div class=\"JNdkSc-SmKAyb LkDMRd\">\n<div class=\"\">\n<div class=\"oKdM2c ZZyype Kzv0Me\">\n<div id=\"h.64658c26802bff9a_147\" class=\"hJDwNd-AhqUyc-uQSCkd Ft7HRd-AhqUyc-uQSCkd jXK9ad D2fZ2 zu5uec OjCsFc dmUFtb wHaque g5GTcb\">\n<div class=\"jXK9ad-SmKAyb\">\n<div class=\"tyJCtd mGzaTb Depvyb baZpAe\">\n<div class=\"CjVfdc\">\n<hr \/>\n<p><strong><span class=\"C9DxTc \">F\u00e5r jag komma och g\u00e5 som jag vill?<\/span><\/strong><\/p>\n<\/div>\n<p class=\"zfr3Q CDt4Ke \" dir=\"ltr\"><span class=\"C9DxTc \">Nej. N\u00e4r din tagg slutat fungera s\u00e5 kommer insl\u00e4pp i v\u00e5ra lokaler ske en g\u00e5ng i timmen dagtid mellan 0<\/span><span class=\"C9DxTc \">9<\/span><span class=\"C9DxTc \">-23. \u00d6vrig tid skall spring minimeras och insl\u00e4pp sker enbart i samr\u00e5d med n\u00e5gon personal. Skulle det vara s\u00e5 att du inte kan, eller inte orkar vara med p\u00e5 hela evenemanget s\u00e5 f\u00e5r du s\u00e5klart packa ihop dina saker och l\u00e4mna tidigare. Detta sker ocks\u00e5 d\u00e5 i samr\u00e5d med n\u00e5gon ur personalen<\/span><span class=\"C9DxTc \">,<\/span><span class=\"C9DxTc \">\u00a0s\u00e5 vi har koll p\u00e5 vilka som befinner sig i v\u00e5ra lokaler.<\/span><\/p>\n<\/div>\n<\/div>\n<\/div>\n<\/div>\n<\/div>\n<\/div>\n<\/div>\n<\/div>\n<\/div>\n<\/section>\n<section id=\"h.64658c26802bff9a_158\" class=\"yaqOZd\">\n<div class=\"IFuOkc\">\n<hr \/>\n<p><strong>F\u00e5r jag ta med mig en kompis?<\/strong><\/p>\n<\/div>\n<div class=\"mYVXT\">\n<div class=\"LS81yb VICjCf j5pSsc db35Fc\" tabindex=\"-1\">\n<div class=\"hJDwNd-AhqUyc-uQSCkd Ft7HRd-AhqUyc-uQSCkd purZT-AhqUyc-II5mzb ZcASvf-AhqUyc-II5mzb pSzOP-AhqUyc-qWD73c Ktthjf-AhqUyc-qWD73c JNdkSc SQVYQc\">\n<div class=\"JNdkSc-SmKAyb LkDMRd\">\n<div class=\"\">\n<div class=\"oKdM2c ZZyype Kzv0Me\">\n<div id=\"h.64658c26802bff9a_155\" class=\"hJDwNd-AhqUyc-uQSCkd Ft7HRd-AhqUyc-uQSCkd jXK9ad D2fZ2 zu5uec OjCsFc dmUFtb wHaque g5GTcb\">\n<div class=\"jXK9ad-SmKAyb\">\n<div class=\"tyJCtd mGzaTb Depvyb baZpAe\">\n<p class=\"zfr3Q CDt4Ke \" dir=\"ltr\"><span class=\"C9DxTc \">Nej, p\u00e5 grund av b\u00e5de s\u00e4kerhetsrisk och brandrisk m\u00e5ste vi ha stenkoll p\u00e5 vilka som r\u00f6r sig i v\u00e5ra lokaler hela tiden. Du f\u00e5r inte ta med n\u00e5gon kompis. D\u00e4remot g\u00e5r det bra f\u00f6r<\/span><span class=\"C9DxTc \">\u00a0<\/span><span class=\"C9DxTc \">v\u00e5rdnadshavare eller annan familjemedlem att komma p\u00e5 bes\u00f6k, d\u00e5 i samr\u00e5d med n\u00e5gon ur personalen som kan hj\u00e4lpa till med insl\u00e4pp.<\/span><\/p>\n<\/div>\n<\/div>\n<\/div>\n<\/div>\n<\/div>\n<\/div>\n<\/div>\n<\/div>\n<\/div>\n<\/section>\n","protected":false},"excerpt":{"rendered":"<p>Ett LAN-party \u00e4r ett evenemang d\u00e4r deltagare tar med sig sina datorer till en gemensam plats f\u00f6r att spela datorspel tillsammans. Deltagarna kopplar ihop sina datorer via ett lokalt n\u00e4tverk (LAN) f\u00f6r att spela, umg\u00e5s och t\u00e4vla i olika spel under en eller flera dagar. F\u00f6rutom datorspel kommer det ocks\u00e5 erbjudas andra aktiviteter s\u00e5som pingisturnering, &hellip; <a href=\"https:\/\/www.lanreal.se\/?page_id=41\" class=\"more-link\">Forts\u00e4tt l\u00e4sa<span class=\"screen-reader-text\"> \u201dInformation\u201d<\/span><\/a><\/p>\n","protected":false},"author":1,"featured_media":0,"parent":0,"menu_order":0,"comment_status":"closed","ping_status":"closed","template":"template-page-builder-no-sidebar.php","meta":{"footnotes":""},"class_list":["post-41","page","type-page","status-publish","hentry"],"_links":{"self":[{"href":"https:\/\/www.lanreal.se\/index.php?rest_route=\/wp\/v2\/pages\/41","targetHints":{"allow":["GET"]}}],"collection":[{"href":"https:\/\/www.lanreal.se\/index.php?rest_route=\/wp\/v2\/pages"}],"about":[{"href":"https:\/\/www.lanreal.se\/index.php?rest_route=\/wp\/v2\/types\/page"}],"author":[{"embeddable":true,"href":"https:\/\/www.lanreal.se\/index.php?rest_route=\/wp\/v2\/users\/1"}],"replies":[{"embeddable":true,"href":"https:\/\/www.lanreal.se\/index.php?rest_route=%2Fwp%2Fv2%2Fcomments&post=41"}],"version-history":[{"count":8,"href":"https:\/\/www.lanreal.se\/index.php?rest_route=\/wp\/v2\/pages\/41\/revisions"}],"predecessor-version":[{"id":151,"href":"https:\/\/www.lanreal.se\/index.php?rest_route=\/wp\/v2\/pages\/41\/revisions\/151"}],"wp:attachment":[{"href":"https:\/\/www.lanreal.se\/index.php?rest_route=%2Fwp%2Fv2%2Fmedia&parent=41"}],"curies":[{"name":"wp","href":"https:\/\/api.w.org\/{rel}","templated":true}]}}